*3 + 6*k**2 + k. What is the remainder when 88 is divided by z(w)?
28
Suppose 0 = r + 4, -6*s + 92 = -2*s - 5*r. Suppose 13 = 5*g - 22. Suppose -g*c + 138 = -5*c. Calculate the remainder when c is divided by s.
15
Suppose -36*u = -40*u + 4. Suppose 0 = -12*p + 13*p - u. What is the remainder when 66 is divided by (51/(-9))/(p/(-3))?
15
Let r(w) = -3*w + 5. Let z(s) = -1. Let t(a) = r(a) + 4*z(a). Let y be t(6). Let n = y - -30. Calculate the remainder when n is divided by 4.
1
Let y = 9 - 25. Let u = -315 + 346. What is the remainder when u is divided by y/(-3)*(-1 + 4)?
15
Suppose 6 = -6*d + 42. Calculate the remainder when (-2 - (-116)/12)/(1/d) is divided by 14.
4
What is the remainder when 14/(-4)*2/(-1) + 142 is divided by 38?
35
Calculate the remainder when 56 is divided by ((-25 - -17) + -12)*4/(-10).
0
Let i(n) = -n + 43. Let q be i(15). Let o = q - 10. What is the remainder when 86 is divided by o?
14
Let b = 25 + -14. Calculate the remainder when ((-12)/(-8))/((-3)/(-62)) is divided by b.
9
Let l(j) = 2 - 2 + 0 + j**2 + j - 4. Calculate the remainder when l(-5) is divided by 6.
4
Suppose 3*s - 361 = -f, 3*f = 5*s + 563 + 450. What is the remainder when f is divided by 115?
1
Suppose -3*w = -2*n - n + 6, 4*n = w + 11. Calculate the remainder when 11 is divided by w.
0
Let w(h) = -4*h + 1. Let t(y) = y**3 - 7*y**2 - 9*y + 5. Let k be t(8). What is the remainder when 62 is divided by w(k)?
10
Let f be ((-48)/72)/(1 - 185/186). Let w = f + 163. Calculate the remainder when w is divided by 7.
4
Suppose 25 = 9*z - 29. Suppose -n - 3*r + 31 = 0, 3*r + 7 = 3*n - 2*n. Calculate the remainder when n is divided by z.
1
Let c(m) = m + 25. Let u be c(5). Let j = -5 + u. What is the remainder when j is divided by 11?
3
Suppose -2*l = -l + 96. Calculate the remainder when 4 is divided by (-12)/(-78) - l/52.
0
Let p(v) = v**2 + 1. Let r = -497 + 626. Calculate the remainder when r is divided by p(5).
25
Let n(q) = 11*q - 8. Suppose -5*l - 342 = -42. Calculate the remainder when n(6) is divided by (21/(-42))/(2/l).
13
Suppose 0 = 84*g - 86*g + 670. Calculate the remainder when g is divided by 24.
23
Calculate the remainder when 236 is divided by (62/(-3))/((-104)/156).
19
Suppose -9 = 3*h, -4*s = -3*s - 5*h - 67. Calculate the remainder when 206 is divided by s.
50
Let s(q) = -16*q + 5. Let g be s(-8). Let i = 200 - g. What is the remainder when i is divided by 0 - -17*(7 + -6)?
16
Let v(k) = -70*k - 32. What is the remainder when 141 is divided by v(-1)?
27
Let l = -96 - -34. Let n = -36 - l. What is the remainder when n is divided by 9?
8
Let s(g) = g**3 - 5*g**2 - 7*g + 18. What is the remainder when 26 is divided by s(6)?
2
Suppose -5*c + d + 23 = -0, c + 5*d = -11. Suppose c*m + 12*m = 336. Calculate the remainder when 58 is divided by m.
16
Let o(h) be the third derivative of h**5/60 + h**4/4 + 13*h**3/6 - 6*h**2. What is the remainder when 78 + (-2)/(-3 - -1) is divided by o(-7)?
19
Let d(q) = -q**3 + 8*q**2 - 7*q + 3. Suppose 0 = -5*l + 4*z - 103 + 498, -2*l + 191 = 5*z. Calculate the remainder when l is divided by d(5).
40
Suppose 4*o - 631 = -431. Suppose -2*m + 34 + 7 = 5*z, 15 = 5*z. What is the remainder when o is divided by m?
11
Let d(j) = j**3 - 12*j**2 + 12*j + 26. Let g be ((-4)/(-2) - -1) + (-8)/(-1). What is the remainder when d(g) is divided by 13?
11
What is the remainder when 32 is divided by 4 + 8 + -15 - -19?
0
Suppose 37*t - 17*t = 1800. Calculate the remainder when 359 is divided by t.
89
Let a(o) = 170*o + 5. Let r be a(1). Suppose 3*u = 10*u - r. Let w(l) = 2*l + 1. What is the remainder when u is divided by w(4)?
7
Let t(v) = -17*v - 8. Let j be t(-4). Suppose -r = -3*u + 3*r + 55, 4*u - j = 2*r. What is the remainder when 103 is divided by u?
12
Suppose 2*u - 32 = 2*q, 2*q + 0*q = u - 14. Let f be ((-10)/25)/((-2)/(-10)). Let v = f - -35. What is the remainder when v is divided by u?
15
Suppose -1384 - 13 = -11*m. What is the remainder when m is divided by 26?
23
Let w be (1 - -1)/(11 - 13). Let u be (1 + 1)*1/w. Let p(k) = 5*k**2 - k + 1. Calculate the remainder when 43 is divided by p(u).
20
Suppose -5*i = -a - 2*i + 39, 2*a - 68 = 4*i. Suppose w = -w - 3*q + a, w - 11 = -q. What is the remainder when 35 is divided by w?
8
Suppose 3*d - 46 = 4*k, -5*d + 98 - 14 = -3*k. Suppose 4*w - 14 = 14. Calculate the remainder when d is divided by w.
4
Let b be -9 - -8 - -3 - (-1 - 2). Suppose 12 = y + b. Calculate the remainder when 41 is divided by y.
6
Let c = -2 - -13. Calculate the remainder when c is divided by (0 + 21/6)*2.
4
Suppose 173 + 457 = 10*w. What is the remainder when 817 is divided by w?
61
Suppose 3*n - 165 = -3*m, -6*m = -2*n - 4*m + 114. Calculate the remainder when 174 is divided by n.
6
Let m(q) = 2*q**2 + 14*q - 19. What is the remainder when 32 is divided by m(2)?
15
Let l be ((-34)/(-6))/(4/12). Suppose -2*x + 7 = -l. Calculate the remainder when 81 is divided by x.
9
Suppose -2*i + 126 = -2*w, 8*w = -3*i + 3*w + 205. Calculate the remainder when 386 is divided by i.
61
Let r(q) = -q**3 + 9*q**2 - 6*q - 6. Calculate the remainder when 76 is divided by r(8).
6
What is the remainder when 293 is divided by 255/85*43/3?
35
What is the remainder when 33 is divided by (-1)/(4/(-40)) - (-18)/(-6)?
5
Suppose 3*o - 44 = -x, 5 + 1 = 3*x. Let i be 7*(24/o)/3. Suppose -r + 3*r + 3*g - 9 = 0, i*r + 3*g - 15 = 0. What is the remainder when r is divided by 1?
0
What is the remainder when 3/(636/208 - (8 + -5)) is divided by 7?
3
Let c(o) = o - 3. Let p be c(7). Suppose 1 = -p*w + 9. Suppose -w*q + q = -5*k + 55, -3*q = -3*k + 21. What is the remainder when 22 is divided by k?
10
Suppose -16*g + 155 + 85 = 0. Suppose f = 4*f - 84. What is the remainder when f is divided by g?
13
Let f be (((-14)/4 - -3) + 1)*8. Suppose 5*p + 90 = 5*a, -f*a + 48 = 2*p - 0*p. What is the remainder when 165 is divided by a?
11
Let t(p) = 7*p**2 - 19*p + 75. Calculate the remainder when t(7) is divided by 24.
21
Suppose -6*b + 2009 = 173. Suppose b = -4*t + 778. What is the remainder when t is divided by 30?
28
What is the remainder when 24 is divided by 3*(-11)/132 + (-57)/(-4)?
10
Let y(t) = -3*t**3 + 58*t**2 - 17*t - 4. Calculate the remainder when 67 is divided by y(19).
33
Calculate the remainder when 184/(-46) + (-76)/(-1) is divided by 771/21 + (-4)/(-14).
35
Suppose -2*u = -10, -139*u - 8355 = -5*b - 141*u. Calculate the remainder when b is divided by 19.
16
Let x(z) = z - 18. Let t be x(8). Let a = 36 + t. Suppose 0 = -c - c + a. Calculate the remainder when 25 is divided by c.
12
Suppose -o = -6*o + 10. Suppose 2*f = o*p + 2*p, 0 = -p + 2*f. Suppose p = -4*x + 10 + 2. What is the remainder when 8 is divided by x?
2
Let x = -50 + 22. Let g = 41 + x. What is the remainder when g is divided by (7*16/(-56))/(4/(-10))?
3
Calculate the remainder when (-1)/(-6) + 4*1470/144 is divided by 22.
19
Let t be (-30)/(-40) + 6/(-8). Suppose 13*r - 79 - 90 = t. What is the remainder when r is divided by 7?
6
Suppose -4*u + 108 = i, i + 12 = -2*i. What is the remainder when 80 is divided by u?
24
Let l = 5 - -175. Suppose 0 = -c + 5*c - l. Let v = c + -32. What is the remainder when 36 is divided by v?
10
Suppose 2*d - 3*j - 4 = 0, -2*d + 3*j + 20 = 2*d. Suppose -k - 3*z + z = -5, -5*k + 25 = -4*z. Calculate the remainder when d is divided by k.
3
What is the remainder when 585 is divided by (-62)/(2*(-1 - 0))?
27
Let t(r) = 32 + r - 31 - 2*r**2 + 3*r**2. Let m be t(-2). Suppose p - 54 = -4*g, 30 = 2*g + m*p - 4*p. What is the remainder when 39 is divided by g?
11
Suppose 3*i + i = -s - 3, 3*i + 26 = 4*s. Suppose -4*y + 11 = -s. Suppose z - 3*z + 142 = -5*c, -c - y = 0. What is the remainder when z is divided by 22?
17
Let s(a) = -a**3 + 6*a - 8. Let b(k) = -5*k**2 + 2*k - 1. Let n be b(1). What is the remainder when s(n) is divided by 12?
8
Suppose -83 = -5*b - 3*v, 3*b - v + 33 = 5*b. Let l be 2 - (-1 + -2 - -16). Let p = b + l. What is the remainder when 18 is divided by p?
3
Let g(f) = 10*f + 10. Let r be g(3). Suppose p - 5*p = -r. Calculate the remainder when 48 is divided by p.
8
Let d = 1702 + -1680. Calculate the remainder when 39 is divided by d.
17
Suppose -k + 27 = -5*f, 6 = k + 2*f - 0*f. Let t = 34 + -9. Let s = 21 + t. What is 